*g = z - 54. Calculate the remainder when (-430 + 554)*(2/((-16)/6) + 1) is divided by g.
14
Let r(d) = 367*d - 3284. Calculate the remainder when 407 is divided by r(9).
8
Let u = 25 + -3. Let n = u - 7. Suppose 73*c - 453 + 35 - 166 = 0. What is the remainder when n is divided by c?
7
Suppose -62*o + 2692 + 348 = -6198. What is the remainder when 303 is divided by o?
5
Suppose -2*i - i + 57 = 0. Let l(t) = t**2 + 7*t + 1. Let v be l(6). Let n = v - 75. What is the remainder when i is divided by n?
3
Let n = 34 - 21. Let g(x) be the third derivative of x**4/24 + 47*x**3/3 + 118*x**2. Calculate the remainder when g(-7) is divided by n.
9
Let p be (5 - (-6)/(-6))*2/4. Suppose 5*m - 66 = p*m - 3*f, -f - 2 = 0. What is the remainder when 104 is divided by m?
8
Let a = -31 - -29. Let o be ((-4)/4)/a - 28/(-8). Suppose o*x + 3*v = 433, 5*v - 183 = -x - 62. What is the remainder when x is divided by 27?
25
Let v = 382 + -299. Let w = 38 - 17. Calculate the remainder when v is divided by w.
20
Suppose -i + 165 = 172. Let m(h) = h**3 + 6*h**2 - 9*h - 7. Calculate the remainder when (-1 + -3)*15/(-6) is divided by m(i).
3
Suppose 0 = 7*c - 11*c + t + 2004, 0 = 2*c - 4*t - 1002. What is the remainder when c is divided by 64?
53
Suppose 111*i + 1519 = -108*i + 268*i. Calculate the remainder when 545 is divided by i.
18
Suppose -x + 290 = 4*x. Let y = x - 7. Suppose 3*s - 2*g = 43, 3*g + 17 = 83*s - 81*s. Calculate the remainder when y is divided by s.
13
Suppose z = 3*b + b - 8, z + 10 = 5*b. Let v(q) = -q**3 - 3*q**2 + 2*q + 94. Let w = 26 - 10. Calculate the remainder when v(z) is divided by w.
14
Suppose 4*h - 24 = 40. Let w be h/6 + (-2)/(-6). Suppose 0 = -w*v + 5*o + 117, -3*o + 97 = -10*v + 12*v. Calculate the remainder when v is divided by 23.
21
Let b(c) = 3*c**2 + 12*c + 132. Calculate the remainder when 703 is divided by b(-5).
115
Let h(s) = -8*s + 3. Let p = 1550 - 1504. What is the remainder when h(-11) is divided by p?
45
Let t be 14/(-6) + 4/(-6). Let p be -38*t/((-9)/(-15)). Suppose -p = -4*o - o. Calculate the remainder when o is divided by 10.
8
Suppose 0 = 4*s - w - 2600, 0 = s + 3*w - 30 - 620. Calculate the remainder when s is divided by (2 - 99/(-22)) + 1334/92.
20
Suppose -55*a + 7500 + 1795 = 0. Calculate the remainder when 419 is divided by a.
81
Let o(y) = y**3 - 73*y**2 - 309*y + 193. Calculate the remainder when 149 is divided by o(77).
33
Let g = -3251 - -4133. Calculate the remainder when g is divided by 17.
15
Let u(m) = 30*m + 82. What is the remainder when u(19) is divided by 135?
112
Suppose 0 = 292*v - 300*v + 2888. Let w = -346 + v. What is the remainder when 82 is divided by w?
7
Let p(t) = -t**2 + 36*t - 6. Let w be p(27). Suppose -699 = 236*n - w*n. Calculate the remainder when n is divided by 28.
27
Let c be 3 - 6/((12/282)/(-1)). Suppose -462 = -3*m + 3*n, m - 15*n + 16*n = c. Calculate the remainder when m is divided by 14.
9
Suppose 25*n - 15*n = -270. What is the remainder when (72/n)/((-3)/180) is divided by 54?
52
Let y = -44 - -48. Suppose -15*j = -20*j + 15. Suppose 0 = j*l, -l = 2*p - 6*l - 34. What is the remainder when p is divided by y?
1
Let l be (-2)/7 - ((-30)/(-21))/(-5). Suppose -a = -o - 26, -a + 2*o + l*o = -26. Calculate the remainder when 35 is divided by a.
9
Let m = 8276 - 8213. What is the remainder when 116 is divided by m?
53
Let z(m) = -6*m**2 - 27*m - 4. Let t be z(-4). Suppose 6*f + 775 = t*f + 3*j, 1154 = 3*f - 4*j. What is the remainder when f is divided by 26?
22
Suppose -t = 4*p - 63, 2582*t - 2579*t - 4*p = 77. Suppose 5*r - 5 = 260. Calculate the remainder when r is divided by t.
18
Let c(o) = 6*o - 62. Suppose 187 = 12*m + 19. What is the remainder when 415 is divided by c(m)?
19
Let u = -27860 + 27922. Calculate the remainder when 3097 is divided by u.
59
Let f = -14233 + 15484. Calculate the remainder when f is divided by 38.
35
Let c(a) = 15 + 9*a + 19 - 17*a - 10*a. What is the remainder when c(-6) is divided by 58?
26
Let g = 33 - 35. Let u be g/(-7) + (-270)/(-35) + -2. What is the remainder when 7*u + 12 + -11 is divided by 23?
20
Let q(y) = 4*y - 20. Let m be q(6). Suppose -3*k = m*s - 555 + 137, s = 1. Calculate the remainder when k is divided by 21.
12
Suppose 173*t + 1688 - 2108 = 3732. What is the remainder when 26 is divided by t?
2
Let o = -294 - -571. Let w = -202 + o. Calculate the remainder when w is divided by 29.
17
Let o be (5/(-15))/(2/(-12)). Suppose 2*l - o = 3*q - 30, l = 1. What is the remainder when 119 is divided by q?
9
Suppose -3*h = -2*y + 57, 12*y + 6 = 13*y + 3*h. Calculate the remainder when 293 is divided by y.
20
Let n(u) = -14*u - 60 + 38*u + 53*u. Let j = -50 + 74. What is the remainder when n(2) is divided by j?
22
Suppose 0 = -27*c - 11*c + 11970. Suppose 0 = 2*h + 4*a + 10, -4*h + 30 = a - 3*a. Calculate the remainder when (4/14 + 225/c)*89 is divided by h.
4
Calculate the remainder when 306 is divided by -7 + (-374)/(-8) + (-2 - 35/(-28)).
33
Let w be 5/((-20)/(-222))*12/9. Let z be w/6 + (-12)/36. Suppose -z*c + 13*c = 113. Calculate the remainder when c is divided by 23.
21
What is the remainder when 1/(-5) - (751/(-5) + -1) is divided by (-4)/(-7) + 14 + (-432)/168?
7
Suppose -d + 25*v + 674 = 30*v, -3*d + 2054 = -v. Calculate the remainder when d is divided by 43.
39
Let q = -4779 + 5172. Calculate the remainder when q is divided by 57.
51
Suppose -5*i + 46 - 4 = 2*d, 4*i + 21 = d. Suppose 0 = s + 2*t - 298, 4*t + 81 + 199 = s. Calculate the remainder when s is divided by d.
19
Let c = -198 + 401. Let n = c - 180. Calculate the remainder when 342 is divided by n.
20
Let d be (-10)/(-45) - (-204)/54. Let f = 50 - 16. Calculate the remainder when f is divided by d/(48/234) + 3/(-2).
16
Suppose -61*x + m = -65*x + 459, 5*x - 4*m = 558. Let b(n) = -8*n - 25. Calculate the remainder when x is divided by b(-6).
22
Let i be 6/(-21)*1 + 12524/(-707). Let b(a) = 3*a - 5. Let t(h) = 7*h - 10. Let k(p) = 9*b(p) - 4*t(p). What is the remainder when 116 is divided by k(i)?
12
Let u(d) = 9*d - 4. Let o = -47 + 48. Let x be u(o). Suppose v + 3*p = 13, -3*p - 4 = -2*v - x. Calculate the remainder when 8 is divided by v.
0
Let i(d) = d**2 - 23*d - 22. Let r be i(25). What is the remainder when 218 is divided by (r/(-49))/(2/(-77))?
20
Let s = -15466 - -15749. What is the remainder when s is divided by 254?
29
Let t = 62 + -145. Let p = 285 + t. Calculate the remainder when p is divided by 29.
28
Let p(a) = -5*a**3 + 3*a**2 + 6*a - 12. Let i(y) = 4*y**3 - 3*y**2 - 5*y + 13. Let d(g) = -3*i(g) - 2*p(g). What is the remainder when d(-3) is divided by 10?
7
Suppose -5*t + 70 = -0*t. Let z = 512 + -972. Calculate the remainder when z/(-8)*(-6)/(-15) is divided by t.
9
Let b = 306 + -293. Let p be 9/3 + 2/(2/(-3)). Suppose p = -c + 6*c - 150. What is the remainder when c is divided by b?
4
Suppose 154*o - 157*o = k - 1328, o - 2*k = 438. What is the remainder when o is divided by 30?
22
Suppose 82 = -4*s + 4*q + 250, -5*s + 4*q = -212. Suppose 5*d + 4 = t, -d - s = 2*t + 2*d. Calculate the remainder when 22 is divided by (t/32)/(2/(-20)).
2
Let u(r) = -r**3 + 23*r**2 - 29*r + 166. What is the remainder when u(11) is divided by 636?
27
Let a(z) = z**3 - 5*z**2 + 6*z - 4. Suppose -8*m + 21 = 5. Let t be a(m). What is the remainder when 28 is divided by 20*(-9)/6*t/12?
8
Let y(r) = 3*r**3 + 38*r**2 - 18*r + 75. What is the remainder when 435 is divided by y(-13)?
15
Let z be (-6)/57 + (-105)/(-95). Calculate the remainder when 22 is divided by (0/7 + z)*16.
6
Let g(u) = u + 9. Suppose -18 = 5*d - 2*j, -3*j + 2*j + 3 = -d. Calculate the remainder when -4*1/d - (-126)/2 is divided by g(8).
13
Let h be (-1)/(-3) - 0 - 1213/3. Let g = 828 + h. Let q = g - 205. Calculate the remainder when q is divided by 13.
11
Suppose 2*o + 4*y = 46, 4*o - 3*y - 59 = -0*o. Let u = o - 0. What is the remainder when 97 is divided by u?
12
Let k(i) = -17*i - 1. Let c be k(-5). Let y be 8 + (-3)/2*20/15. Suppose y*g - c = -g. Calculate the remainder when 14 is divided by g.
2
Suppose -5*k - 263 = -2*s, -6*s = -s - k - 646. Let i(f) = 12*f**2 + 73*f + 133. What is the remainder when s is divided by i(-3)?
19
Suppose 0 = -35*q + 8688 + 38044 + 8323. What is the remainder when q is 